{"id":242,"date":"2023-06-17T14:43:38","date_gmt":"2023-06-17T12:43:38","guid":{"rendered":"https:\/\/pracowniaskryby.pl\/?page_id=242"},"modified":"2024-02-12T22:33:29","modified_gmt":"2024-02-12T21:33:29","slug":"ikony","status":"publish","type":"page","link":"https:\/\/pracowniaskryby.pl\/?page_id=242","title":{"rendered":"IKONY"},"content":{"rendered":"<p>[et_pb_section fb_built=&#8221;1&#8243; fullwidth=&#8221;on&#8221; admin_label=&#8221;baner galeria manuskryptow&#8221; _builder_version=&#8221;4.20.2&#8243; _module_preset=&#8221;default&#8221; collapsed=&#8221;on&#8221; global_colors_info=&#8221;{}&#8221;][et_pb_fullwidth_image src=&#8221;https:\/\/pracowniaskryby.pl\/wp-content\/uploads\/2024\/02\/baner-Ikony-Pracownia-Skryby-Paulina-Herman.webp&#8221; alt=&#8221;baner Ikony Pracownia Skryby Paulina Herman&#8221; title_text=&#8221;baner Ikony Pracownia Skryby Paulina Herman&#8221; admin_label=&#8221;Galeria manuskryptow baner&#8221; _builder_version=&#8221;4.20.2&#8243; _module_preset=&#8221;default&#8221; hover_enabled=&#8221;0&#8243; global_colors_info=&#8221;{}&#8221; sticky_enabled=&#8221;0&#8243; custom_padding=&#8221;||1px|||&#8221;][\/et_pb_fullwidth_image][\/et_pb_section][et_pb_section fb_built=&#8221;1&#8243; admin_label=&#8221;galeria manuskryptow tekst&#8221; _builder_version=&#8221;4.20.2&#8243; _module_preset=&#8221;default&#8221; custom_padding=&#8221;0px||2px|||&#8221; collapsed=&#8221;on&#8221; global_colors_info=&#8221;{}&#8221;][et_pb_row _builder_version=&#8221;4.20.2&#8243; _module_preset=&#8221;default&#8221; custom_padding=&#8221;0px|||||&#8221; global_colors_info=&#8221;{}&#8221;][et_pb_column type=&#8221;4_4&#8243; _builder_version=&#8221;4.20.2&#8243; _module_preset=&#8221;default&#8221; global_colors_info=&#8221;{}&#8221;][et_pb_text _builder_version=&#8221;4.20.2&#8243; _module_preset=&#8221;default&#8221; text_text_color=&#8221;#182a3e&#8221; text_font_size=&#8221;32px&#8221; hover_enabled=&#8221;0&#8243; text_text_shadow_style=&#8221;preset1&#8243; global_colors_info=&#8221;{}&#8221; custom_padding=&#8221;||0px|||&#8221; sticky_enabled=&#8221;0&#8243;]<\/p>\n<p style=\"text-align: center;\"><span>Zajmuj\u0119 si\u0119 r\u00f3wnie\u017c pisaniem IKON.<\/span><\/p>\n<p>[\/et_pb_text][\/et_pb_column][\/et_pb_row][et_pb_row _builder_version=&#8221;4.20.2&#8243; _module_preset=&#8221;default&#8221; custom_padding=&#8221;0px|||||&#8221; global_colors_info=&#8221;{}&#8221;][et_pb_column type=&#8221;4_4&#8243; _builder_version=&#8221;4.20.2&#8243; _module_preset=&#8221;default&#8221; global_colors_info=&#8221;{}&#8221;][et_pb_text _builder_version=&#8221;4.20.2&#8243; _module_preset=&#8221;default&#8221; text_text_color=&#8221;#182a3e&#8221; text_font_size=&#8221;22px&#8221; custom_padding=&#8221;0px|||||&#8221; hover_enabled=&#8221;0&#8243; global_colors_info=&#8221;{}&#8221; sticky_enabled=&#8221;0&#8243;]<\/p>\n<p style=\"text-align: center;\"><span>Ikony pisz\u0119 tylko i wy\u0142\u0105cznie na specjalne zam\u00f3wienie, zgodne z intencj\u0105 zamawiaj\u0105cego. <\/span><\/p>\n<p style=\"text-align: center;\"><span>Pracy nad ikon\u0105 zawsze towarzyszy modlitwa. Aby napisa\u0107 ikon\u0119 nale\u017cy uwolni\u0107 swoje serce i umys\u0142 aby sta\u0107 si\u0119 jak puste naczynia gotowe do wype\u0142nienia przez Pana Boga.<\/span><\/p>\n<p style=\"text-align: center;\">Ikony s\u0105 tworzone na podobraziu drewnianym pokrytym lewkasem. Prace wykonuj\u0119 w tradycyjnej technice malarskiej tempery jajecznej.<\/p>\n<p align=\"CENTER\"><span>Je\u015bli chcia\u0142by\u015b zam\u00f3wi\u0107 ikon\u0119 napisz do mnie <a href=\"mailto:pracowniaskryby@gmail.com\">pracowniaskryby@gmail.com<\/a><\/span><\/p>\n<p>[\/et_pb_text][\/et_pb_column][\/et_pb_row][\/et_pb_section][et_pb_section fb_built=&#8221;1&#8243; admin_label=&#8221;galeria manuskryptow zdjecia&#8221; _builder_version=&#8221;4.20.2&#8243; _module_preset=&#8221;default&#8221; custom_padding=&#8221;4px|||||&#8221; collapsed=&#8221;off&#8221; global_colors_info=&#8221;{}&#8221;][et_pb_row column_structure=&#8221;1_2,1_2&#8243; admin_label=&#8221;sancte michael&#8221; _builder_version=&#8221;4.20.2&#8243; _module_preset=&#8221;default&#8221; custom_padding=&#8221;0px|||||&#8221; hover_enabled=&#8221;0&#8243; collapsed=&#8221;on&#8221; global_colors_info=&#8221;{}&#8221; sticky_enabled=&#8221;0&#8243;][et_pb_column type=&#8221;1_2&#8243; _builder_version=&#8221;4.20.2&#8243; _module_preset=&#8221;default&#8221; global_colors_info=&#8221;{}&#8221;][et_pb_image src=&#8221;https:\/\/pracowniaskryby.pl\/wp-content\/uploads\/2024\/02\/Mandylion-Pracownia-Skryby-Paulina-Herman.webp&#8221; alt=&#8221;Mandylion Pracownia Skryby Paulina Herman&#8221; title_text=&#8221;Mandylion Pracownia Skryby Paulina Herman&#8221; admin_label=&#8221;sancte michael 2&#8243; _builder_version=&#8221;4.20.2&#8243; _module_preset=&#8221;default&#8221; hover_enabled=&#8221;0&#8243; box_shadow_style=&#8221;preset1&#8243; box_shadow_blur=&#8221;22px&#8221; box_shadow_spread=&#8221;7px&#8221; box_shadow_color=&#8221;#a56f1a&#8221; global_colors_info=&#8221;{}&#8221; sticky_enabled=&#8221;0&#8243;][\/et_pb_image][\/et_pb_column][et_pb_column type=&#8221;1_2&#8243; _builder_version=&#8221;4.20.2&#8243; _module_preset=&#8221;default&#8221; global_colors_info=&#8221;{}&#8221;][et_pb_image src=&#8221;https:\/\/pracowniaskryby.pl\/wp-content\/uploads\/2024\/02\/Sw-Michal-Archaniol-Pracownia-Skryby-Paulina-Herman.webp&#8221; title_text=&#8221;\u015aw Micha\u0142 Archanio\u0142 Pracownia Skryby Paulina Herman&#8221; admin_label=&#8221;sancte michael 1&#8243; _builder_version=&#8221;4.20.2&#8243; _module_preset=&#8221;default&#8221; background_color=&#8221;RGBA(255,255,255,0)&#8221; hover_enabled=&#8221;0&#8243; box_shadow_style=&#8221;preset1&#8243; box_shadow_blur=&#8221;24px&#8221; box_shadow_spread=&#8221;7px&#8221; box_shadow_color=&#8221;#a56f1a&#8221; global_colors_info=&#8221;{}&#8221; alt=&#8221;\u015aw Micha\u0142 Archanio\u0142 Pracownia Skryby Paulina Herman&#8221; sticky_enabled=&#8221;0&#8243;][\/et_pb_image][\/et_pb_column][\/et_pb_row][\/et_pb_section][et_pb_section fb_built=&#8221;1&#8243; admin_label=&#8221;galeria manuskryptow 2 &#8221; _builder_version=&#8221;4.20.2&#8243; _module_preset=&#8221;default&#8221; custom_margin=&#8221;-60px|||||&#8221; custom_padding=&#8221;0px|||||&#8221; collapsed=&#8221;off&#8221; global_colors_info=&#8221;{}&#8221;][\/et_pb_section]<\/p>\n","protected":false},"excerpt":{"rendered":"<p>Zajmuj\u0119 si\u0119 r\u00f3wnie\u017c pisaniem IKON.Ikony pisz\u0119 tylko i wy\u0142\u0105cznie na specjalne zam\u00f3wienie, zgodne z intencj\u0105 zamawiaj\u0105cego. Pracy nad ikon\u0105 zawsze towarzyszy modlitwa. Aby napisa\u0107 ikon\u0119 nale\u017cy uwolni\u0107 swoje serce i umys\u0142 aby sta\u0107 si\u0119 jak puste naczynia gotowe do wype\u0142nienia przez Pana Boga. Ikony s\u0105 tworzone na podobraziu drewnianym pokrytym lewkasem. Prace wykonuj\u0119 w tradycyjnej [&hellip;]<\/p>\n","protected":false},"author":1,"featured_media":0,"parent":0,"menu_order":0,"comment_status":"closed","ping_status":"closed","template":"","meta":{"_et_pb_use_builder":"on","_et_pb_old_content":"","_et_gb_content_width":"","footnotes":""},"class_list":["post-242","page","type-page","status-publish","hentry"],"_links":{"self":[{"href":"https:\/\/pracowniaskryby.pl\/index.php?rest_route=\/wp\/v2\/pages\/242","targetHints":{"allow":["GET"]}}],"collection":[{"href":"https:\/\/pracowniaskryby.pl\/index.php?rest_route=\/wp\/v2\/pages"}],"about":[{"href":"https:\/\/pracowniaskryby.pl\/index.php?rest_route=\/wp\/v2\/types\/page"}],"author":[{"embeddable":true,"href":"https:\/\/pracowniaskryby.pl\/index.php?rest_route=\/wp\/v2\/users\/1"}],"replies":[{"embeddable":true,"href":"https:\/\/pracowniaskryby.pl\/index.php?rest_route=%2Fwp%2Fv2%2Fcomments&post=242"}],"version-history":[{"count":10,"href":"https:\/\/pracowniaskryby.pl\/index.php?rest_route=\/wp\/v2\/pages\/242\/revisions"}],"predecessor-version":[{"id":598,"href":"https:\/\/pracowniaskryby.pl\/index.php?rest_route=\/wp\/v2\/pages\/242\/revisions\/598"}],"wp:attachment":[{"href":"https:\/\/pracowniaskryby.pl\/index.php?rest_route=%2Fwp%2Fv2%2Fmedia&parent=242"}],"curies":[{"name":"wp","href":"https:\/\/api.w.org\/{rel}","templated":true}]}}